aluate 1 + (-3 + 3 - 2).
-1
What is the value of 16 + -25 - (-11 + 2)?
0
What is the value of 1 + (15 - 11) + -8?
-3
Calculate 8 - (6 + -4 + 3).
3
Evaluate (6 - -1) + (-5 - (6 - 6)).
2
2 - (0 - (1 - 5))
-2
Evaluate -15 - (-10 - (-2 + -3)) - -2.
-8
What is -1 + 8 + (26 - 36)?
-3
Calculate 0 + 1 + (2 - 10) + 4.
-3
What is (8 - 6) + -5 + (1 - 3)?
-5
Evaluate -8 + (-8 + 20 - 0).
4
What is -196 - -188 - (-12 - -1)?
3
0 - (1 - 4 - (-6 - -4))
1
Evaluate 14 + (-5 + -5 - -2).
6
What is -6 + -8 + -4 + 16?
-2
Evaluate 4 + -6 + -2 + -2.
-6
Evaluate -2 + (0 - -2) + -6 + 0.
-6
Evaluate 1 - 0 - (0 - -5 - 9).
5
4 + (-4 - 7) + (5 - 1)
-3
Calculate 12 + (9 + -5 - 7).
9
What is the value of -6 - ((0 - 2) + 1) - -6?
1
What is the value of 4 + -11 + 7 + -4?
-4
Evaluate (2 - 1) + (-17 - -13).
-3
What is the value of 0 + 2 + 3 + -3?
2
4 - (0 + 1 - (1 - -1))
5
What is (1 - (-7 + 3)) + -2 + -8?
-5
Evaluate 8 + -4 - (-2 - -7).
-1
Evaluate -1 + (3 - (19 - 9)).
-8
Evaluate 85 + -70 - (12 + -2).
5
What is the value of -2 - (0 + (4 - (8 - 0)))?
2
Evaluate -4 + 7 + -1 - 5.
-3
2 - -11 - (28 + -20)
5
Calculate (-20 - -8) + (8 - 0) + 0.
-4
3 - 5 - (1 + -1 + -3)
1
What is the value of 5 - (2 - (-1 - (-4 + 2)))?
4
What is the value of (2 - (6 + -3)) + 23 + -19?
3
Evaluate 10 + -6 + (6 - 7).
3
What is 1 + -4 + -23 + 21 - -6?
1
What is the value of (-5 - 1) + (35 - 16) + -15?
-2
8 + -1 - 3 - 2
2
Calculate (2 - 2) + (-4 - -1) + -1.
-4
Evaluate -7 + (0 - 8) + 11 + 12.
8
Evaluate 4 - 1 - (2 + 4).
-3
0 - -1 - (-6 + 3 - -5)
-1
What is the value of 3 - (-4 + -3 + 5)?
5
Calculate (4 - (-4 + 1 + 10)) + -7.
-10
Calculate 3 + (2 - 2) + -3.
0
Evaluate (-4 - -3 - 6) + 3.
-4
Evaluate 2 + -1 - (-2 - -3) - 5.
-5
What is the value of (-4 - -5 - 0) + -6?
-5
What is (-49 - -40) + -2 + 7 + 0?
-4
What is the value of -7 + (4 + 2 - (7 + -8))?
0
3 + 13 + -14 + 0
2
What is 9 + 1 + -13 + 1?
-2
Calculate (1 + -3 - 1) + (22 - 17).
2
6 + (-2 + -1 - -2)
5
What is the value of (-7 - (-8 + 4) - -3) + 3?
3
Evaluate 7 + -3 + -12 + -5 + 5.
-8
Calculate (0 - 6) + 6 + -5.
-5
Evaluate -6 + (1 - (-1 - -1)).
-5
Calculate 5 - ((-7 - -3) + 1).
8
What is 4 - (2 + 11) - -4?
-5
What is -10 + 20 + -12 + 9?
7
-4 + -5 + 7 + (-1 - -1)
-2
Calculate 2 - (31 - 37 - (2 - 4)).
6
What is -1 + (0 - 1) - (-6 + 11)?
-7
-3 + 7 + -2 + -2
0
Calculate (-4 - 4) + 13 - (3 + 1).
1
Evaluate -2 + 2 + 1 + -4 - -7.
4
Evaluate (0 - -1 - 1) + -6 - -4.
-2
What is 5 + (0 - (3 + 5))?
-3
Evaluate 3 + -3 + 1 - 1.
0
(-5 - -9) + (-3 - -5 - 1)
5
Evaluate 7 + 4 + (9 - 15).
5
What is (-4 - -11) + (-6 - (4 + -1))?
-2
Calculate (11 - 20) + 5 - (-6 + -1).
3
Evaluate (-2 - -4 - (8 + -2)) + 3.
-1
What is the value of -1 - 3 - (-7 - (-2 + 1))?
2
What is the value of -5 + 3 + 2 - -4 - -1?
5
Calculate (-4 - 0) + (-1 - -8).
3
What is the value of (4 - 5) + 1 - (-2 - 0)?
2
What is -2 - 1 - ((-14 - -5) + 4)?
2
Evaluate (3 - (-1 + -2)) + -3 - 6.
-3
What is 0 - (3 - 9 - -3 - -3)?
0
What is the value of 12 + -13 + 8 + 0 + 0?
7
What is the value of 0 + 1 - (0 - 4)?
5
What is the value of -2 + (-8 - -9 - (1 + 0))?
-2
Calculate -2 - 1 - (2 + -6).
1
Evaluate (-6 - -4) + -1 + (6 - 0).
3
What is (-5 - -10 - 4) + -3?
-2
What is -3 - -7 - (11 - 4)?
-3
What is (1 - 2) + 10 - 3?
6
What is the value of 0 - ((2 - (2 - -6)) + 3)?
3
-4 + -10 - -11 - (7 + 1)
-11
What is 4 - (11 + 3) - -2?
-8
Evaluate 1 + 9 + 2 + -5 + -3.
4
What is the value of (-12 - (-2 - -7)) + 5 - -7?
-5
What is 0 - (1 - 1) - 3 - -3?
0
-3 - (-1 + 2) - (-6 - -6)
-4
-2 + 9 + -7 + -1 + 8
7
What is (-4 - -13 - 8) + (0 - 1)?
0
What is -3 + 1 + -3 + 5?
0
-3 + (21 + -10 - 3)
5
What is (9 - 8) + -6 - 3?
-8
Evaluate -11 + 5 - -6 - 3.
-3
Evaluate 12 + -8 + 4 + -4.
4
Evaluate 4 + (3 - -3) - (6 - 1).
5
What is the value of -15 - (-11 + 3 + (0 - -1))?
-8
What is (5 - 2 - 4) + 3?
2
Evaluate -1 - ((2 - 5) + -1).
3
Evaluate 11 - 8 - (-1 + -1 + -3).
8
Calculate -3 - -4 - -4 - 11.
-6
(0 - -7) + (-8 - (-25 + 16))
8
1 + (1 - 0) + (-1 - -4)
5
Calculate 2 - (1 - -5) - (-1 - 2).
-1
What is (4 - (0 + 3) - 3) + 4?
2
What is the value of -7 - -7 - (-1 - -1)?
0
(-3 - 6 - -1) + 5
-3
13 - 11 - (-1 - (0 + -3))
0
What is the value of -6 + 7 + 3 + -8 + 1?
-3
What is (28 - 28) + (2 - (-1 + -1))?
4
What is the value of (2 - (-2 + (2 - 2))) + -1?
3
What is the value of 0 + (1 - 3) + -1?
-3
9 + -8 + 1 + (-4 - -1)
-1
-3 + 5 + (2 - 3) + 1
2
What is the value of 0 + 4 + 1 + -2 + 0?
3
-5 - 2 - -7 - (5 - 2)
-3
What is -4 + (-2 - -3 - -6)?
3
1 - (-5 + 2 - -3)
1
Evaluate 21 - 20 - (-1 - 1 - -4).
-1
What is 5 + (-2 - -13) + -21?
-5
What is -6 - (-4 + -2 + 5)?
-5
Calculate 3 + 1 - ((-6 - -2) + 3).
5
What is -56 - -55 - (5 + 2)?
-8
1 - 0 - (-1 - -6)
-4
What is the value of -7 + 3 + 4 + 3 + 0?
3
(-5 + 4 + -5 - -5) + -5
-6
What is 5 - 3 - (2 + -3)?
3
Calculate (4 - 2) + (-10 - (3 - 14)).
3
Evaluate -1 + 6 + 4 - 5.
4
What is the value of -6 - 2 - (-40 + 35)?
-3
Evaluate 0 - (5 + (0 - 3)).
-2
What is 1 + (-2 - -1) + -3?
-3
-1 - (-8 + 11 + (-7 - -2))
1
What is the value of -32 - -32 - ((-2 - 0) + 1)?
1
Evaluate 63 + -49 - (-4 + 13).
5
What is the value of 9 + (7 - 22) + 2?
-4
Evaluate -2 + 12 + -4 + -1.
5
Calculate (-40 - -50) + 0 + -3.
7
Evaluate (-3 - 0) + (6 - -4) - 3.
4
(-5 - 0) + 26 + -16
5
Calculate 1 + 0 + (5 - (3 + -1)).
4
Evaluate 6 - (0 - -4 - (2 - 2)).
2
What is the value of 15 + -11 + (1 - 1) + -3?
1
0 + 2 - (3 - (5 + -6))
-2
Evaluate (2 - 4) + -1 + 3.
0
Evaluate 6 - -2 - (-59 + 69).
-2
Calculate 4 + 0 - (2 + -6).
8
What is the value of 1 + 5 + (5 - 6) + -5?
0
Evaluate 31 + -28 - -4 - (2 - -1).
4
Calculate (3 - -11) + -1 + -3 - 6.
4
Evaluate 8 + (-2 - (3 + -2)) + -1.
4
Evaluate -1 + 0 - (-7 - -4) - -4.
6
Evaluate 1 + -1 + 5 + -3 + 0.
2
What is the value of 16 + -28 + 6 + 2 + -2?
-6
Calculate (0 - -5) + -8 + 5.
2
Calculate -2 + 0 + (-9 - -9).
-2
0 - (6 - 2 - -1)
-5
Calculate -5 - ((5 - 9) + 4).
-5
((-7 - -14) + -14 - -2) + -2
-7
Calculate 22 - (19 + -4) - (2 - -9).
-4
Calculate 0 + -4 + 3 + -5 + 1.
-5
Evaluate (-3 - (4 + -4)) + (-1 - -1).
-3
What is the value of (-1 + 4 - 10) + -4?
-11
Evaluate 18 + 2 + -11 + -6.
3
What is the value of (-7 + 13 - 4) + 3?
5
Calculate 31 - 24 - ((2 - 2) + 10).
-3
(2 - 5) + (-1 - 2) + 3
-3
What is the value of (6 - 4) + (-1 - (-5 - -11))?
-5
What is 0 - 1 - (-1 - (6 + -4))?
2
What is (-8 - -3 - -4) + -1?
-2
Calculate 4 - (2 - 1 - -1).
2
What is the value of (-3 - -5) + -7 + 1?
-4
What is the value of 0 + 6 - (25 + -24)?
5
Calculate 6 - (16 + -12) - -8.
10
4 + (-2 - -2) + 0
4
What is the value of 1 + (-4 - (1 + -4 + 1))?
-1
(4 - (2 + 4 - 1)) + -2
-3
What is the value of 36 - 29 - (-1 - -7)?
1
(-10 + 14 - 5) + 4
3
Calculate -4 - 0 - (4 + 1 - 4).
-5
What is (4 - 11 - -8) + 4 + -1?
4
-2 - (-10 + -1 - -9)
0
What is the value of 5 + -7 + 5 - 4?
-1
Calculate -4 - (3 + (-4 - 3) - 2).
2
What is the value of -11 - (8 + -5 - 17)?
3
Evaluate 3 - -1 - 3 - 0.
1
-5 - (-11 - (3 - 5))
4
Evaluate 3 + (-10 - -13) + -12.
-6
What is -4 - (-7 - (4 + -7) - -2)?
-2
-3 - (0 + (2 - 2) + 0)
-3
-3 + 1 + (-2 + 2 - 1)
-3
What is -10 + -2 + 3 + 0?
-9
((1 - 1) + -7 - -12) + -14
-9
Evaluate (-16 - (0 - 9)) + 14.
7
What is (3 - 2) + (5 - (-3 + 7))?
2
What is the value of -9 + 11 - (-1 - (0 + 0))?
3
What is the value of -1 - -14 - (-70 + 80)?
3
Calculate 2 - (0 + 2 - 1).
1
Calculate 9 - (-8 - -3 - -10).
4
What is (10 - (7 - -11)) + 0?
-8
What is the value of 0 + 4 + 7 + -10?
1
What is (1 - 7) + 20 + -1 + -8?
5
Evaluate (2 - -1) + 14 + -13.
4
What is 3 + (-6 - -3) + 1?
1
What is (-8 - (5 - 10) - 1) + 13?
9
Evaluate 19 + (-10 - -1) + -7.
3
Calculate (-3 - 0) + -9 + 7 + 7.
2
5 + -12 + 6 - -1
0
Calculate -2 - (-8 + -7 + 6).
7
What is the value of -9 - -2 - (-1 + (-1 - 3))?
-2
What is (-6 - -2 - 0) + -24 + 20?
-8
Evaluate -1 + 7 + (4 - 8).
2
Calculate 3 + (-1 - (-9 + 7)).
4
61 - 66 - (0 + -6)
1
Calculate -2 - (1 + 3) - -2.
-4
Calculate 0 + -2 - -4 - 4.
-2
-5 + 23 + -4 - 10
4
Evaluate 1 + -6 - (3 + -8).
0
What is the value of 3 - (10 - -3) - -6?
-4
What is the value of 2 - (1 + 0 + (0 - 0))?
1
What is (0 - (-4 - 2)) + -11?
-5
Calculate 2 + (-4 + -2 - 3) + 3.
-4
Evaluate 11 + -1 + (-4 - (2 + 0)).
4
What is the value of -5 - (1 - -5) - -1?
-10
-5 + (5 - (1 + 2))
-3
Calculate 3 + (2 + -5 - 1) - -5.
4
Evaluate (-14 - -7) + 9 - 0.
2
Calculate 0 + -8 - (89 + -91).
-6